 base 9?
547
Convert 1a36 (base 15) to base 9.
7706
What is 10314 (base 5) in base 15?
324
-130312 (base 4) to base 6
-12314
Convert -1000010011 (base 2) to base 15.
-256
Convert 380a (base 11) to base 5.
124341
1112100221 (base 3) to base 13
1095a
5210 (base 9) to base 2
111011101000
What is 10123 (base 5) in base 3?
220120
-30523 (base 6) to base 2
-111111110011
21130 (base 4) to base 11
4aa
-5512 (base 8) to base 6
-21214
234b (base 14) to base 13
2a47
Convert -22112021 (base 3) to base 2.
-1100001001001
Convert -1c6 (base 13) to base 10.
-331
-5e8e (base 16) to base 4
-11322032
1050 (base 6) to base 10
246
Convert -964 (base 10) to base 16.
-3c4
What is -10746 (base 8) in base 9?
-6251
What is 120321 (base 4) in base 2?
11000111001
What is 23240 (base 6) in base 2?
110100001000
What is 31b (base 12) in base 9?
555
What is -217 (base 13) in base 11?
-2a6
Convert -11705 (base 10) to base 2.
-10110110111001
-196 (base 11) to base 12
-16a
What is -15a2b (base 12) in base 3?
-1120022122
What is 1031030 (base 4) in base 7?
20255
22250 (base 6) to base 8
6066
26613 (base 10) to base 4
12133311
What is -689d (base 14) in base 16?
-46fb
-11021323 (base 4) to base 15
-63ca
-23042 (base 8) to base 9
-14346
-40004 (base 5) to base 6
-15332
-14302 (base 6) to base 16
-8de
4210 (base 10) to base 11
3188
b518 (base 13) to base 11
17898
-44014 (base 5) to base 6
-21533
-30011033 (base 4) to base 13
-196a9
Convert -201 (base 7) to base 6.
-243
Convert -15b (base 15) to base 2.
-100110111
1231 (base 9) to base 10
919
What is 5c44 (base 16) in base 13?
a99c
Convert 1000123 (base 4) to base 16.
101b
Convert 12002202 (base 3) to base 13.
1901
Convert -2001012 (base 3) to base 7.
-4226
Convert -196 (base 12) to base 13.
-16b
-10002303 (base 4) to base 11
-11498
Convert -1051 (base 13) to base 12.
-1387
-1757 (base 9) to base 6
-10124
3047 (base 10) to base 2
101111100111
Convert -3227 (base 8) to base 4.
-122113
Convert 18a8 (base 14) to base 2.
1000101101100
280a (base 11) to base 2
111000111000
What is 11110 (base 2) in base 6?
50
Convert -24445 (base 9) to base 12.
-95ab
9138 (base 12) to base 7
63614
Convert 470 (base 14) to base 10.
882
What is 1100011110 (base 2) in base 15?
383
Convert -120020 (base 3) to base 11.
-344
-10130331 (base 4) to base 7
-104112
What is 14020 (base 5) in base 3?
1120001
Convert -2178 (base 10) to base 4.
-202002
Convert -410 (base 9) to base 12.
-239
221 (base 3) to base 5
100
What is -d05 (base 14) in base 9?
-3446
110112121 (base 3) to base 2
10001110110110
What is -56242 (base 7) in base 5?
-423231
Convert -113244 (base 5) to base 16.
-1067
Convert -10112122 (base 3) to base 2.
-101000010110
What is 111101110 (base 2) in base 10?
494
Convert -3346 (base 7) to base 6.
-5334
What is 231330 (base 4) in base 8?
5574
What is 1001111100000 (base 2) in base 4?
1033200
What is -1212000 (base 3) in base 8?
-2506
What is -148b (base 13) in base 15?
-d43
Convert 26534 (base 10) to base 9.
40352
Convert -420 (base 12) to base 2.
-1001011000
What is 331212 (base 4) in base 9?
5360
What is 35734 (base 12) in base 7?
416416
Convert -210 (base 12) to base 16.
-12c
Convert -4ba (base 14) to base 4.
-32310
11010011001 (base 2) to base 5
23224
What is -107a (base 13) in base 3?
-10011010
Convert 28d8 (base 15) to base 9.
13005
-11237 (base 11) to base 6
-203130
What is -33334 (base 5) in base 2?
-100100101000
What is 90c5 (base 16) in base 7?
213023
-157a (base 11) to base 2
-11111100111
What is 478 (base 11) in base 8?
1071
Convert 134235 (base 6) to base 11.
9536
1886 (base 12) to base 14
1130
Convert -1210212101 (base 3) to base 14.
-cda7
What is 643 (base 7) in base 9?
401
What is 4eba (base 15) in base 13?
7873
What is 1000100111000101 (base 2) in base 5?
2112034
14783 (base 10) to base 16
39bf
Convert 523 (base 6) to base 16.
c3
What is 7524 (base 8) in base 13?
1a2b
57706 (base 8) to base 3
1020122002
What is -11344 (base 5) in base 8?
-1521
-76412 (base 8) to base 10
-32010
67a (base 12) to base 6
4234
-35134 (base 7) to base 2
-10001100100000
-922 (base 10) to base 15
-417
What is -3216 (base 11) in base 5?
-114002
What is -1000110000111 (base 2) in base 8?
-10607
-2225 (base 10) to base 4
-202301
Convert 1564 (base 7) to base 13.
39a
What is 3166 (base 7) in base 11?
934
Convert 337 (base 8) to base 10.
223
Convert -5b7f (base 16) to base 2.
-101101101111111
2040 (base 5) to base 6
1130
Convert -12011 (base 13) to base 9.
-50202
24 (base 16) to base 15
26
Convert 2654 (base 7) to base 16.
3fb
-35642 (base 7) to base 6
-110442
41132 (base 5) to base 8
5153
What is 804 (base 15) in base 2?
11100001100
What is -1368d (base 14) in base 12?
-238b9
16a69 (base 11) to base 9
35718
Convert -7a6 (base 13) to base 7.
-3563
What is 9b4 (base 12) in base 16?
598
-3249 (base 15) to base 8
-24624
What is 1a32 (base 14) in base 16?
128c
11330020 (base 4) to base 5
1234303
Convert 22101 (base 3) to base 16.
e2
Convert 1a6 (base 16) to base 12.
2b2
What is -149a (base 15) in base 9?
-6051
What is 273c (base 13) in base 14?
20a0
Convert -13315 (base 9) to base 6.
-105405
Convert 8091 (base 13) to base 15.
5399
What is -3f (base 16) in base 7?
-120
What is -1c3 (base 15) in base 13?
-255
Convert 111100100 (base 2) to base 11.
400
What is 403 (base 7) in base 8?
307
Convert 10001000111000101 (base 2) to base 12.
34685
What is 111101221 (base 3) in base 7?
40330
103120 (base 4) to base 3
1200221
Convert 27543 (base 8) to base 2.
10111101100011
-20031302 (base 4) to base 11
-23311
What is -143 (base 11) in base 3?
-20020
13232 (base 4) to base 9
608
-10001 (base 3) to base 4
-1102
-10772 (base 8) to base 3
-20022110
40227 (base 8) to base 7
66131
Convert 10b1 (base 12) to base 13.
b02
What is -19c9 (base 15) in base 13?
-270c
Convert -1a21 (base 13) to base 10.
-3914
Convert 11104 (base 6) to base 16.
610
What is -457b (base 16) in base 10?
-17787
-9bde (base 16) to base 7
-224222
Convert -1614 (base 8) to base 16.
-38c
What is -101301 (base 4) in base 7?
-3213
Convert -2158 (base 10) to base 3.
-2221221
What is -1859 (base 12) in base 9?
-4036
Convert 10110 (base 5) to base 2.
1010001111
-1a197 (base 11) to base 4
-12320102
24103 (base 7) to base 2
1100001010010
What is -10359 (base 13) in base 3?
-1110222100
Convert 2517 (base 12) to base 5.
113240
428 (base 11) to base 9
631
What is 110001101 (base 2) in base 10?
397
What is 1235 (base 9) in base 13?
560
1a0b9 (base 14) to base 9
110504
Convert 32738 (base 9) to base 8.
52357
-3032 (base 5) to base 4
-12020
Convert 17 (base 14) to base 3.
210
Convert 1010000111 (base 2) to base 8.
1207
14346 (base 7) to base 10
3954
5553 (base 7) to base 2
11111001110
Convert -95 (base 12) to base 3.
-11012
1321 (base 4) to base 11
100
What is -202 (base 10) in base 2?
-11001010
Convert 1445 (base 7) to base 4.
20330
-1112 (base 3) to base 15
-2b
Convert -262 (base 10) to base 13.
-172
What is -27b51 (base 13) in base 14?
-1d1a2
What is 113 (base 4) in base 7?
32
What is 171234 (base 8) in base 7?
346034
What is -10000000000010100 (base 2) in base 16?
-10014
Convert 4003 (base 6) to base 3.
1012010
What is 2548 (base 13) in base 6?
40311
-cf69 (base 16) to base 3
-2200211120
What is -1012112 (base 3) in base 11?
-729
116267 (base 8) to base 14
10899
101111010 (base 2) to base 3
112000
What is 3387 (base 10) in base 8?
6473
What is 71 (base 15) in base 8?
152
What is -5272 (base 11) in base 4?
-1231000
What is 13323 (base 6) in base 5?
31232
What is 350d (base 14) in base 11?
6a27
Convert -21011 (base 4) to base 14.
-2d7
Convert 21201201 (base 3) to base 2.
1011000000011
What is -dc2 (base 16) in base 8?
-6702
Convert 388 (base 9) to base 13.
1bb
Convert -23d (base 15) to base 7.
-1324
-204023 (base 5) to base 2
-1101001101011
1187 (base 11) to base 16
60b
20462 (base 9) to base 2
11010010111110
-21233 (base 4) to base 13
-38c
-4210 (base 5) to base 6
-2323
-6a00 (base 15) to base 3
-1010212100
Convert 135 (base 6) to base 14.
43
1200212120 (base 3) to base 4
20022201
407b (base 15) to base 7
54461
-64 (base 15) to base 11
-86
Convert 16a53 (base 11) to base 12.
119b3
-1439 (base 10) to base 3
-1222022
Convert 101101110000111 (base 2) to base 5.
1222211
Convert 10121000 (base 4) to base 14.
67a8
136504 (base 7) to 